hird derivative of -c**6/120 - c**5/20 - c**4/8 - c**3/2 - 7*c**2. Calculate j(n).
-1
Let q be 3 + (0 - 0) + -1. Let v(o) = -4*o**2 + 0*o**2 - 4*o**2 - 6*o**q + 1. Determine v(-1).
-13
Let c(y) be the third derivative of y**4/24 + 2*y**3/3 - y**2. Let b(n) = n**3 + 8*n**2 - 10*n - 5. Let q be b(-9). Give c(q).
8
Let y(r) = -2*r + 6. Let q be y(5). Let s(d) = 1. Let u(z) = -z + 2. Let m(p) = -6*s(p) + u(p). Give m(q).
0
Let x = 4 + -8. Let v(o) = o**2 - o + 6. Let j(i) = -2*i**2 + i - 13. Let d(k) = x*j(k) - 9*v(k). Determine d(4).
2
Let v(i) = i**2 - 3*i + 2. Let x be (-5)/(-2)*(-4)/5. Let h be -3 + 8 - (4 + x). Determine v(h).
2
Let y(x) = 3*x - 6. Let c(z) = -z**2 + 11*z + 4. Let l = 35 - 24. Let m be c(l). Give y(m).
6
Let h(q) be the second derivative of 5/6*q**3 + 0*q**2 - q + 0. Let c = -5 - -4. Calculate h(c).
-5
Let k(t) = -6*t**2 - t + 9. Let y be -2 + -3*4/(-6). Let m be -5*(1/1 - y). Let l(z) = 7*z**2 + 2*z - 10. Let u(o) = m*l(o) - 6*k(o). Calculate u(5).
1
Let n(k) = 2*k + 7 + 19 - 25. Let b = 3 + -7. Determine n(b).
-7
Let z(u) = -u**3 - 4*u**2 + 7*u + 6. Let w(r) = r + 10. Let b be w(-15). What is z(b)?
-4
Let z(p) = 8*p**2 + 19*p - 3. Let h(a) = 3*a**2 + 9*a - 1. Let k(j) = -5*h(j) + 2*z(j). Give k(6).
-7
Suppose -2*h - 2*h + 5*v = -1, 4 = 4*h - 4*v. Let n(j) = -9 - h*j + 0*j + 3*j. Suppose 2*a - 2*r + 12 = 0, 2*r - 23 = 4*a - r. What is n(a)?
-4
Let d(h) = -h**3 - 1. Let v(r) = -12*r**3 - r**2 + 2*r + 1. Let q(f) = -2*d(f) - v(f). What is q(1)?
14
Let y be (-1 - -1) + -2*2. Suppose 0*o + o = 7. Let a = y + o. Let t(v) = -v**3 + 3*v**2 + 2*v + 2. Give t(a).
8
Suppose 0 = b - 2*f - 7, -2*b - 2 = 5*f + 2. Suppose 0 = -b*u - u + o - 7, 0 = -4*u - 5*o + 11. Let y(n) = 0 - 2 + 1 - 7*n - 4*n. Determine y(u).
10
Suppose 0 = 3*d - d - 10. Let u(s) = 5*s - s**2 + s - d*s. Give u(3).
-6
Let c(k) = -2*k + 20. Let j = 125 - 111. Calculate c(j).
-8
Let p = 2 - -5. Let x = -11 + p. Let m(y) = -y**2 - 2*y + 3. What is m(x)?
-5
Let x(z) = -26*z - 13. Let q(g) = 13*g + 6. Let w(r) = -13*q(r) - 6*x(r). Let v(u) = -6*u. Let o(a) = 7*v(a) - 3*w(a). Calculate o(1).
-3
Suppose -s + 2 + 2 = 0. Let h = 15 - 12. Let y(v) = v - v + 2*v + h*v + 4 - v**2. Calculate y(s).
8
Let d = 49 - 25. Suppose -w + d - 2 = -5*o, 4*w = 3*o + 3. Let l(g) = 2*g**2 + g - 4. Give l(w).
11
Let y(i) = -i**3 - 4*i**2 - 4*i + 1. Let m = -39 + 35. Determine y(m).
17
Let p(l) = 4*l + 4 - 3*l + 1 - 3*l. Give p(-4).
13
Let i(j) = 2*j. Let h = -24 - -27. Suppose h*n = -o, -n + 3*o + 0*o - 10 = 0. What is i(n)?
-2
Let l(p) = -p - 3. Let c be ((-8)/(-3))/((-6)/(-9)). Let g = 21 - c. Suppose -g = 5*z - 2. Give l(z).
0
Let i(w) = w**2 - 3*w + 6. Let x be (-2 - 0)*(-4 + 3/2). Determine i(x).
16
Let w be (0 + 4)*(-3 + 1). Let h = -6 - w. Let j(s) = -3 - 2*s + 0*s + h. What is j(1)?
-3
Let n(u) be the second derivative of -5*u**3/6 - 3*u**2/2 + 5*u. Give n(-2).
7
Let h(p) be the second derivative of p**5/20 + 5*p**4/12 - p**3 + 3*p**2 + p. Suppose -26*l + 25*l - 6 = 0. Calculate h(l).
6
Let g(m) be the second derivative of m**4/12 + 2*m**3/3 + 2*m. Let v(c) = c - 5. Suppose 3*w - 4*u = -5 - 3, -5*w - u + 2 = 0. Let n be v(w). What is g(n)?
5
Let g(v) = -v**3 - 4*v**2 - 3*v + 1. Let a be 8/5*(-10)/(-4). Suppose a*l - 12 = 8*l. Give g(l).
1
Let b(v) = -2*v. Let i(u) be the second derivative of u**3/6 - 2*u**2 + 3*u. Let n be i(10). Suppose -1 = 5*z - n*z. Determine b(z).
-2
Let r(u) = -3*u**3 - u**2 - u + 14. Let i(f) = -7*f**3 - 2*f**2 - 2*f + 29. Let t(n) = 2*i(n) - 5*r(n). Give t(0).
-12
Suppose 0 = -12*p + p - 55. Let b(g) be the first derivative of -g**5/120 - 7*g**4/24 + g**3/3 - 1. Let r(s) be the third derivative of b(s). Calculate r(p).
-2
Let q = -136 - -127. Let n(y) = y + 8. Give n(q).
-1
Let l(z) = z**3 + 6*z**2 + 6*z - 3. Let n = 2 + -12. Let m be ((-12)/(-5))/(-2)*n. Suppose 5*k + 13 = -m. Determine l(k).
-8
Let i(b) = -16*b**3 - 5*b**2 + 26*b + 10. Let o be 11 + -2 + (3 - 1). Let c(t) = 3*t**3 + t**2 - 5*t - 2. Let m(j) = o*c(j) + 2*i(j). Give m(-3).
-11
Let p(x) = -9*x**2 + 21*x + 1. Let g(l) = -5*l**2 + 11*l + 1. Let w(y) = -y**2 - 8*y - 7. Let f be w(-8). Let z(o) = f*g(o) + 4*p(o). What is z(4)?
9
Let s = -5 - -8. Let l(w) = 2*w**2 + w - 3 + 3*w**s - 5*w + w + 0*w. Give l(-2).
-13
Let l(s) = -8*s**2 + 10*s**3 + 5*s**3 - 16*s**3 + 10 + 2*s. What is l(-8)?
-6
Let z(p) = -p. Let u = 1 + -8. Let j = u - -2. Determine z(j).
5
Let a(b) = -2*b - 6. Suppose l - 5*l + 8 = 4*x, -3*l = 5*x. Calculate a(l).
-16
Let z(v) = -v**3 - 6*v**2 + v + 6. Let c be z(-6). Suppose 0*f = -3*s + 3*f, -f = c. Let d(n) = 6 + 2*n**2 - 2*n**2 + n**2. What is d(s)?
6
Let w(r) = 5*r**2 + 6*r + 6. Let h(p) = 4*p**2 + 5*p + 5. Let y(z) = -6*h(z) + 5*w(z). Give y(1).
1
Let h(y) = y**2 - 7*y - 1. Let i be 4 - (-4 + (-8)/4). Suppose -5*k + i = -3*k. What is h(k)?
-11
Let o(a) be the third derivative of -2/3*a**3 + 0*a + 1/4*a**4 - 1/60*a**5 + 0 - 3*a**2. Determine o(4).
4
Let j(i) = 2*i + 5. Let f be j(-1). Let k(x) = -x - 2*x**2 + 2 + 3*x**2 - x. Determine k(f).
5
Let f(x) = -16 + 14 - x**2 + 2*x + 7. Calculate f(4).
-3
Suppose 6*t - 2*t = 12. Let i(h) = 4 + h**3 + h + 2*h**3 + 3*h**2 - 2*h**t. Give i(-3).
1
Let g(w) = -w**3 - w**2 + 3*w + 1. Let m be g(-2). Let t be (-57)/(-9) - m/(-3). Let j(o) = 4*o - t*o + 3*o. What is j(3)?
3
Let o(h) = 7*h - 6. Let u(t) = 8*t - 7. Let l(f) = 5*o(f) - 4*u(f). Let k be 4/5 + (-1)/(-5). Let a be (3 - k) + -4*1. What is l(a)?
-8
Let c(f) be the first derivative of f**3/3 + 2*f**2 + f - 6. Let z be 896/63 + 2/(-9). Let v be (-2)/(-3) - z/3. Determine c(v).
1
Let q(z) be the third derivative of z**5/60 + 2*z**3/3 - 43*z**2 + 2. What is q(0)?
4
Let l(d) = d - 1. Let c(j) = -j + 1. Let a(v) = -7*c(v) - 6*l(v). Let s(k) = -1. Let t(o) = a(o) + 2*s(o). What is t(-3)?
-6
Let f(m) be the third derivative of m**5/60 + 7*m**4/24 + m**3/2 + 49*m**2. What is f(-6)?
-3
Let s(b) = 1 + 9*b**3 - 2*b**3 - 3723*b**2 + 3721*b**2. Give s(1).
6
Let u(n) = -2*n**2 + 5*n - 4. Suppose 3*w + 2*o = 4*o + 1, 0 = w - 2*o + 5. Determine u(w).
-7
Let n = -4 + 0. Let d(k) = 3*k**2 - 4. Let j(c) = -3*c**2 + 5. Let z(s) = n*j(s) - 5*d(s). Give z(1).
-3
Let b(i) = -i**3 + 4*i**2 - i - 2. Let u(s) = -s**3 - 3*s**2 + 3. Let f be u(-3). What is b(f)?
4
Let i(r) = -8*r**3 + 6*r**2 - 4*r + 7. Let f(h) = 7*h**3 - 6*h**2 + 4*h - 7. Let p(c) = -7*f(c) - 6*i(c). Determine p(5).
12
Let x(r) = 2*r - 13. Let y be x(6). Let s(c) = c - 1. Let b(o) = 2*o + 4. Let f(p) = -b(p) - 5*s(p). Give f(y).
8
Let g(y) be the third derivative of -y**5/60 + 5*y**4/12 - y**3 - 63*y**2. What is g(9)?
3
Let c(y) = 3 + 2*y**2 - y**3 + 4*y**2 + 4*y - 2*y + 4*y. Let u be c(7). Let w(t) = 1 + 4*t - 4 - 3*t**2 - t**3 + 0*t. Calculate w(u).
-3
Let z(n) = -n**2 + 11*n + 17. Let p be z(12). Let f(r) be the first derivative of r**2/2 + 2. Calculate f(p).
5
Let r(b) = 1. Let w be (-34)/6 - 24/(-36). Let f(s) = 2*s**2 - s + 6. Let k(n) = w*r(n) + f(n). Calculate k(1).
2
Let p = -14 + 40. Let x = -33 + p. Let y(j) = j**3 + 7*j**2 - j - 6. Give y(x).
1
Suppose -44 + 12 = -2*j. Suppose 3*c - j - 2 = 0. Let z(t) = c*t - 6*t + 0*t + 1 - 2*t**2. Determine z(-2).
-7
Let k(w) = w**2 - 5*w + 6. Let p(i) = i**3 - 12*i**2 + 2*i - 17. Let a be p(12). What is k(a)?
20
Let k(o) = o + 12. Let c be k(-10). Suppose -c*v - r + 6*r - 21 = 0, -5*r = -25. Let t(w) = -w + 2. Determine t(v).
0
Let a(q) = q**2 + 3*q - 2. Let u = -11 - -4. Let h = u - -4. Calculate a(h).
-2
Let t(h) = -3 + 3*h - h + 2 + 3. What is t(6)?
14
Suppose -32 = -4*o - m + 6*m, -3*o = -m - 13. Suppose -4*d - 8 = -4*z, -o*d + 7 = 3*z + 31. Let q(a) = a + 6. What is q(z)?
3
Let m = 24 + -10. Let b be m/5 - (-3)/15. Let i(a) = a**b + 3 - 4*a + 3*a**2 + 1 + 3*a. Calculate i(-3).
7
Let j be (-1)/(4/(-3) + 1). Suppose -j*l + 5 = -4*l. Let i(k) = -k**3 - 6*k**2 - 5*k - 3. Give i(l).
-3
Let l(v) = -v + 7. Let b be l(5). Let z be (-1)/(b - (-9)/(-4)). Suppose -2*j + 0*g = 5*g - 10, -8 = -z*g. Let s(f) = f**3 - f**2 + f + 5. Calculate s(j).
5
Let g be 2 + -2 + (-6 - -2). Let z = -1 - g. Let y(n) = 7*n**2 - 8*n. Let i(b) = 3*b**2 - 4*b. Let a(m) = 5*i(m) - 2*y(m). Determine a(z).
-3
Let i(u) = 3*u**3 + 0*u**3 - 7 - 6*u**3 + 7*u + 4*u**2 + 2*u**3. Calculate i(5).
3
Let a(c) = 2*c**2 - 1. Suppose 11*z -